y 209?
152
What is the remainder when 81432 is divided by 121?
120
What is the remainder when 93900 is divided by 445?
5
Calculate the remainder when 2081421 is divided by 412.
409
What is the remainder when 36192 is divided by 12064?
0
What is the remainder when 297665 is divided by 1323?
1313
What is the remainder when 411597 is divided by 392?
389
What is the remainder when 1086 is divided by 94?
52
Calculate the remainder when 15317 is divided by 18.
17
Calculate the remainder when 55630 is divided by 304.
302
What is the remainder when 19208 is divided by 971?
759
What is the remainder when 324 is divided by 89?
57
What is the remainder when 1965 is divided by 127?
60
What is the remainder when 30789 is divided by 1236?
1125
Calculate the remainder when 14099 is divided by 160.
19
Calculate the remainder when 8024 is divided by 99.
5
Calculate the remainder when 31632 is divided by 88.
40
What is the remainder when 3290867 is divided by 42?
41
Calculate the remainder when 1499 is divided by 191.
162
What is the remainder when 790 is divided by 333?
124
What is the remainder when 2597 is divided by 123?
14
Calculate the remainder when 12104 is divided by 153.
17
Calculate the remainder when 3860 is divided by 169.
142
What is the remainder when 1713 is divided by 184?
57
Calculate the remainder when 67125 is divided by 35.
30
Calculate the remainder when 425675 is divided by 22.
19
What is the remainder when 5160 is divided by 41?
35
What is the remainder when 5375 is divided by 316?
3
What is the remainder when 72705 is divided by 219?
216
What is the remainder when 12545 is divided by 2004?
521
Calculate the remainder when 12606 is divided by 788.
786
Calculate the remainder when 282 is divided by 11.
7
What is the remainder when 1652 is divided by 545?
17
What is the remainder when 445 is divided by 9?
4
What is the remainder when 161063 is divided by 11504?
7
What is the remainder when 156007 is divided by 437?
435
Calculate the remainder when 10058 is divided by 871.
477
What is the remainder when 10460 is divided by 892?
648
Calculate the remainder when 457055 is divided by 124.
115
What is the remainder when 2006 is divided by 67?
63
Calculate the remainder when 217 is divided by 42.
7
Calculate the remainder when 16667 is divided by 15.
2
What is the remainder when 16286 is divided by 89?
88
Calculate the remainder when 465 is divided by 2.
1
What is the remainder when 4103 is divided by 2012?
79
Calculate the remainder when 1097 is divided by 605.
492
What is the remainder when 42871 is divided by 1947?
37
What is the remainder when 37078 is divided by 290?
248
Calculate the remainder when 49119 is divided by 18.
15
What is the remainder when 24152 is divided by 24143?
9
Calculate the remainder when 1153 is divided by 346.
115
What is the remainder when 31723 is divided by 5?
3
Calculate the remainder when 244049 is divided by 1892.
1873
Calculate the remainder when 64260 is divided by 412.
400
What is the remainder when 136197 is divided by 68092?
13
Calculate the remainder when 1648386 is divided by 68.
66
Calculate the remainder when 26540 is divided by 134.
8
Calculate the remainder when 394968 is divided by 82.
56
Calculate the remainder when 627395 is divided by 52.
15
What is the remainder when 181796 is divided by 450?
446
Calculate the remainder when 97089 is divided by 73.
72
What is the remainder when 76139 is divided by 846?
845
What is the remainder when 7801 is divided by 1523?
186
What is the remainder when 262384 is divided by 5?
4
What is the remainder when 320436 is divided by 53?
51
Calculate the remainder when 185634 is divided by 2.
0
What is the remainder when 13653 is divided by 20?
13
Calculate the remainder when 6752 is divided by 376.
360
What is the remainder when 22721 is divided by 38?
35
Calculate the remainder when 2660 is divided by 2413.
247
What is the remainder when 3796 is divided by 827?
488
What is the remainder when 1058441 is divided by 158?
157
What is the remainder when 232984 is divided by 6?
4
Calculate the remainder when 4142 is divided by 1067.
941
Calculate the remainder when 5961 is divided by 601.
552
Calculate the remainder when 284219 is divided by 19.
17
What is the remainder when 5067010 is divided by 124?
122
Calculate the remainder when 55565 is divided by 87.
59
Calculate the remainder when 192704 is divided by 954.
950
What is the remainder when 24596 is divided by 27?
26
What is the remainder when 1936 is divided by 369?
91
What is the remainder when 25343 is divided by 2303?
10
Calculate the remainder when 609405 is divided by 1104.
1101
Calculate the remainder when 48466 is divided by 7.
5
What is the remainder when 16121 is divided by 3151?
366
What is the remainder when 167 is divided by 71?
25
What is the remainder when 211184 is divided by 855?
854
What is the remainder when 160507 is divided by 229?
207
Calculate the remainder when 3702 is divided by 319.
193
What is the remainder when 26663 is divided by 8848?
119
What is the remainder when 2109 is divided by 155?
94
What is the remainder when 22511 is divided by 2487?
128
Calculate the remainder when 585 is divided by 129.
69
Calculate the remainder when 637036 is divided by 7.
1
What is the remainder when 8650 is divided by 4311?
28
What is the remainder when 1057 is divided by 386?
285
What is the remainder when 33419 is divided by 14?
1
What is the remainder when 10478 is divided by 239?
201
What is the remainder when 131856 is divided by 43930?
66
Calculate the remainder when 7720 is divided by 47.
12
What is the remainder when 1703 is divided by 213?
212
Calculate the remainder when 39099 is divided by 964.
539
What is the remainder when 126070 is divided by 139?
136
Calculate the remainder when 204277 is divided by 873.
868
What is the remainder when 366625 is divided by 903?
7
Calculate the remainder when 125426 is divided by 4045.
31
What is the remainder when 12558 is divided by 233?
209
What is the remainder when 279697 is divided by 11654?
1
What is the remainder when 254 is divided by 250?
4
What is the remainder when 135083 is divided by 4092?
47
Calculate the remainder when 46325 is divided by 146.
43
What is the remainder when 2036 is divided by 569?
329
What is the remainder when 225280 is divided by 447?
439
Calculate the remainder when 535768 is divided by 134.
36
What is the remainder when 1523493 is divided by 312?
309
What is the remainder when 2650570 is divided by 61?
59
Calculate the remainder when 156491 is divided by 189.
188
Calculate the remainder when 18199 is divided by 381.
292
What is the remainder when 210 is divided by 156?
54
What is the remainder when 9925 is divided by 396?
25
What is the remainder when 2065 is divided by 185?
30
Calculate the remainder when 8749 is divided by 337.
324
What is the remainder when 15316 is divided by 199?
192
What is the remainder when 7948 is divided by 48?
28
What is the remainder when 9827 is divided by 378?
377
What is the remainder when 2171738 is divided by 11?
8
Calculate the remainder when 929 is divided by 324.
281
What is the remainder when 3531 is divided by 247?
73
Calculate the remainder when 11331 is divided by 209.
45
Calculate the remainder when 60656 is divided by 64.
48
What is the remainder when 60621 is divided by 48?
45
What is the remainder when 5150 is divided by 368?
366
What is the remainder when 1342 is divided by 876?
466
What is the remainder when 3778 is divided by 305?
118
Calculate the remainder when 165 is divided by 33.
0
What is the remainder when 5788 is divided by 53?
11
Calculate the remainder when 18930 is divided by 99.
21
What is the remainder when 1129 is divided by 350?
79
Calculate the remainder when 111121 is divided by 355.
6
What is the remainder when 13499 is divided by 44?
35
What is the remainder when 15850 is divided by 5281?
7
Calculate the remainder when 1927 is divided by 243.
226
Calculate the remainder when 3602 is divided by 348.
122
What is the remainder when 268847 is divided by 199?
197
Calculate the remainder when 19020 is divided by 4668.
348
Calculate the remainder when 8093 is divided by 539.
8
Calculate the remainder when 2721 is divided by 558.
489
Calculate the remainder when 3